{"id":634,"date":"2017-03-25T17:04:31","date_gmt":"2017-03-25T16:04:31","guid":{"rendered":"http:\/\/www.eslovsflygklubb.se\/?page_id=634"},"modified":"2024-04-13T12:49:35","modified_gmt":"2024-04-13T10:49:35","slug":"introduktionsflyg","status":"publish","type":"page","link":"https:\/\/eslovsflygklubb.se\/?page_id=634","title":{"rendered":"Flygturer f\u00f6r Allm\u00e4nheten"},"content":{"rendered":"<p><strong>Ta med dina v\u00e4nner p\u00e5 en Flygtur\u00a0och dela p\u00e5 kostnaden.\u00a0 \u00a0 \u00a0 \u00a0 \u00a0 \u00a0 \u00a0 \u00a0 \u00a0 \u00a0 \u00a0 \u00a03 passagerare* kan \u00e5ka med och se Lund, Malm\u00f6 eller precis vart du vill. Vi flyger \u00e5ret runt p\u00e5 asfalterad bana.<\/strong><\/p>\n<p><a href=\"http:\/\/www.eslovsflygklubb.se\/wp-content\/uploads\/2014\/08\/jp2611.jpg\" rel=\"attachment wp-att-102\"><img loading=\"lazy\" decoding=\"async\" class=\"alignnone size-large wp-image-102\" src=\"http:\/\/www.eslovsflygklubb.se\/wp-content\/uploads\/2014\/08\/jp2611-1024x682.jpg\" alt=\"jp2611\" width=\"474\" height=\"316\" srcset=\"https:\/\/eslovsflygklubb.se\/wp-content\/uploads\/2014\/08\/jp2611-1024x682.jpg 1024w, https:\/\/eslovsflygklubb.se\/wp-content\/uploads\/2014\/08\/jp2611-300x200.jpg 300w, https:\/\/eslovsflygklubb.se\/wp-content\/uploads\/2014\/08\/jp2611-700x466.jpg 700w, https:\/\/eslovsflygklubb.se\/wp-content\/uploads\/2014\/08\/jp2611-940x626.jpg 940w, https:\/\/eslovsflygklubb.se\/wp-content\/uploads\/2014\/08\/jp2611.jpg 1900w\" sizes=\"auto, (max-width: 474px) 100vw, 474px\" \/><\/a><\/p>\n<p><em>Introduktionsflyg \u00e4r en m\u00f6jlighet att f\u00e5 komma upp i luften och k\u00e4nna p\u00e5 hur det \u00e4r att \u00e5ka i ett litet flygplan och njuta av den fantastiska utsikten. Vi kallar det f\u00f6r &#8221;Flygtur&#8221;.<\/em><\/p>\n<p>Till skillnad fr\u00e5n v\u00e5ra Spaka Sj\u00e4lv flygningar, flyger du som passagerare med en pilot med ett PPL certifikat (privatflygare).\u00a0 \u00a0 \u00a0 \u00a0 P\u00e5 denna turen \u00e4r det piloten som flyger hela tiden och du har m\u00f6jlighet \u00a0att ta med kompisar f\u00f6r att dela p\u00e5 kostnaden. Du betalar flygningen direkt till Esl\u00f6vs Flygklubb via v\u00e5r kortautomat (alternativt med presentkort som l\u00e4mnas p\u00e5 plats) och f\u00e5r fylla i en kvittens p\u00e5 flygningen innan ni stiger ombord. Gl\u00f6m inte att ta med ID kort.<\/p>\n<p><iframe loading=\"lazy\" src=\"https:\/\/www.youtube.com\/embed\/lTo9RoIUmn4?rel=0\" width=\"560\" height=\"315\" frameborder=\"0\" allowfullscreen=\"allowfullscreen\"><\/iframe><\/p>\n<h3>S\u00e5h\u00e4r bokar du flygning<\/h3>\n<p><strong><span style=\"color: #3366ff;\">Skicka ett mejl till info@eslovsflygklubb.se \u00a0och ange flygtur i \u00e4mnesraden.\u00a0<\/span><\/strong><\/p>\n<p>Skriv g\u00e4rna om du har \u00f6nskem\u00e5l p\u00e5 vart du vill flyga. Gl\u00f6m inte att ange kontaktuppgifter. En av v\u00e5ra piloter kontaktar dig och bokar in\u00a0dag, antal personer och \u00f6nskad runda var du vill flyga. p\u00e5 en timme f\u00e4rdas vi cirka 18-20 mil och hinner se en hel del.<\/p>\n<p>P\u00e5 flygdagen \u00e4r det f\u00f6rst\u00e5s viktigt att det \u00e4r flygbart v\u00e4der och en avst\u00e4mning g\u00f6rs n\u00e5gra timmar innan flygning. Pris f\u00f6r en timmes flygtur 3000:- (1500:- f\u00f6r 30 minuter)<\/p>\n<h3><\/h3>\n<h5>Presentkort<\/h5>\n<p>Om ni vill k\u00f6pa ett presentkort p\u00e5 en introduktionsflygning s\u00e5 kontakta klubbens kass\u00f6r f\u00f6r vidare information. Skicka g\u00e4rna ett mejl till kassor@eslovsflygklubb.se<\/p>\n<h5><\/h5>\n<h5>Dags f\u00f6r flygning:<\/h5>\n<p>P\u00e5 flygplatsen m\u00f6ter ni upp piloten vid den gula stugan. En s\u00e4kerhetsgenomg\u00e5ng sker f\u00f6re flygning. P\u00e5 grund av s\u00e4kerhet s\u00e5 sker en registrering av namn och personnummer (telefonnummer) samt ev. v\u00e4gning f\u00f6r max startvikt. Vi sparar dessa uppgifter lokalt efter flygning och omg\u00e4rdas av sekretess.<\/p>\n<p><strong>Vi st\u00e4ller h\u00f6gre krav p\u00e5 v\u00e5ra piloter som flyger introduktionsflygningar \u00e4n myndighetskraven<\/strong> betr\u00e4ffande flygtid f\u00f6r att f\u00e5 lov att ta med passagerare. Av den anledningen s\u00e5 har vi utvalda piloter. Introduktionsflyg \u00e4r ej kommersiellt flyg utan betraktas som en m\u00f6jlighet f\u00f6r flygklubbar att p\u00e5 ett enkelt s\u00e4tt f\u00e5 l\u00e5ta \u00a0allm\u00e4nheten att \u00e5ka en provtur. Start och landning sker p\u00e5 Esl\u00f6vs flygf\u00e4lt. <strong>Vi flyger endast med flygplan i Normalklass* f\u00f6r h\u00f6gsta\u00a0s\u00e4kerhet. Maximalt 3 passagerare* kan f\u00f6lja med per flygtur.<\/strong><\/p>\n<p><a href=\"http:\/\/www.eslovsflygklubb.se\/wp-content\/uploads\/2017\/06\/jp3644s.jpg\" rel=\"attachment wp-att-749\"><img loading=\"lazy\" decoding=\"async\" class=\"alignnone size-large wp-image-749\" src=\"http:\/\/www.eslovsflygklubb.se\/wp-content\/uploads\/2017\/06\/jp3644s-1024x657.jpg\" alt=\"jp3644s\" width=\"474\" height=\"304\" srcset=\"https:\/\/eslovsflygklubb.se\/wp-content\/uploads\/2017\/06\/jp3644s-1024x657.jpg 1024w, https:\/\/eslovsflygklubb.se\/wp-content\/uploads\/2017\/06\/jp3644s-300x192.jpg 300w, https:\/\/eslovsflygklubb.se\/wp-content\/uploads\/2017\/06\/jp3644s-768x492.jpg 768w, https:\/\/eslovsflygklubb.se\/wp-content\/uploads\/2017\/06\/jp3644s.jpg 1600w\" sizes=\"auto, (max-width: 474px) 100vw, 474px\" \/><\/a><\/p>\n<h5>Flygr\u00e4dd men vill flyga \u00e4nd\u00e5?<\/h5>\n<p>V\u00e5ra piloter som flyger v\u00e5ra &#8221;Flygturer&#8221; \u00e4r vana att hantera passagerare som av n\u00e5gon anledning upplever obehag inf\u00f6r en flygning. Innan vi g\u00e5r ombord brukar vi st\u00e4lla fr\u00e5gan s\u00e5 s\u00e4g g\u00e4rna till piloten. Skulle du vilja testa att sj\u00e4lv \u00e5ka med piloten utan n\u00e5gra andra passagerare s\u00e5 g\u00e5r det bra. Ibland blir det lite mer avsp\u00e4nt om man som passagerare f\u00e5r \u00e5ka med p\u00e5 co-pilot s\u00e4tet och f\u00f6lja med i vad som h\u00e4nder.<\/p>\n<p><strong>V\u00e5ra regelverk som styr Introduktionsflygning:<\/strong><\/p>\n<p><strong>EU<\/strong>\u00a0<strong>965\/2012<\/strong> \u00e4ndrad 2014-04-07<\/p>\n<p><strong>TSFS 2024:8<\/strong> (denna g\u00e4ller from 2024-06-01)<\/p>\n<p><strong>Intern Rutin f\u00f6r Esl\u00f6vs Flygklubbs Introduktionsflygningar<\/strong><\/p>\n<p><em>&#8221;introduktionsflygning (introductory flight): alla flygningar som utf\u00f6rs mot ers\u00e4ttning eller annan form av gottg\u00f6relse, som best\u00e5r av en flygtur med kort varaktighet och som erbjuds av en godk\u00e4nd utbildningsorganisation eller en organisation som skapats med m\u00e5ls\u00e4ttningen att fr\u00e4mja sport- eller fritidsflygning, i syfte att dra till sig nya elever eller nya medlemmar&#8221;<\/em><\/p>\n<p>Vill du sj\u00e4lv h\u00e5lla i spakarna och provflyga s\u00e5 skall du kontakta en flygl\u00e4rare f\u00f6r en Spaka Sj\u00e4lv tur. (obs p\u00e5 Spaka Sj\u00e4lvturer f\u00e5r ej passagerare medf\u00f6lja)<\/p>\n<p><em>* Normalklass \u00e4r exempelvis en Cessna 172 med plats f\u00f6r 1 pilot och 3 passagerare. Klassen omfattas av h\u00f6gre s\u00e4kerhetskrav \u00e4n UL och f\u00e5r flygas av piloter som har PPL certifikat. I normalklass opererar vi ocks\u00e5 kommersiellt med v\u00e5ra flygmaskiner i form av Fotoflyg. L\u00e4s g\u00e4rna om detta p\u00e5 <a href=\"http:\/\/www.lthfaviation.se\" target=\"_blank\" rel=\"noopener\">www.lthfaviation.se<\/a><\/em><\/p>\n<p><em>* f\u00f6re start g\u00f6rs en ber\u00e4kning\/v\u00e4gning f\u00f6r max startvikt f\u00f6r aktuellt flygplan. Ett exempel kan vara: 3 passagerare\u00a0a\u00b4 75 kg beroende p\u00e5 br\u00e4nslem\u00e4ngd i maskinen.<\/em><\/p>\n","protected":false},"excerpt":{"rendered":"<p>Ta med dina v\u00e4nner p\u00e5 en Flygtur\u00a0och dela p\u00e5 kostnaden.\u00a0 \u00a0 \u00a0 \u00a0 \u00a0 \u00a0 \u00a0 \u00a0 \u00a0 \u00a0 \u00a0 \u00a03 passagerare* kan \u00e5ka med och se Lund, Malm\u00f6 eller precis vart du vill. Vi flyger \u00e5ret runt p\u00e5 asfalterad bana. Introduktionsflyg \u00e4r en m\u00f6jlighet att f\u00e5 komma upp i luften och k\u00e4nna p\u00e5 hur &hellip; <a href=\"https:\/\/eslovsflygklubb.se\/?page_id=634\" class=\"more-link\">Forts\u00e4tt l\u00e4sa <span class=\"screen-reader-text\">Flygturer f\u00f6r Allm\u00e4nheten<\/span> <span class=\"meta-nav\">&rarr;<\/span><\/a><\/p>\n","protected":false},"author":2,"featured_media":0,"parent":0,"menu_order":0,"comment_status":"closed","ping_status":"closed","template":"","meta":{"footnotes":""},"class_list":["post-634","page","type-page","status-publish","hentry"],"_links":{"self":[{"href":"https:\/\/eslovsflygklubb.se\/index.php?rest_route=\/wp\/v2\/pages\/634","targetHints":{"allow":["GET"]}}],"collection":[{"href":"https:\/\/eslovsflygklubb.se\/index.php?rest_route=\/wp\/v2\/pages"}],"about":[{"href":"https:\/\/eslovsflygklubb.se\/index.php?rest_route=\/wp\/v2\/types\/page"}],"author":[{"embeddable":true,"href":"https:\/\/eslovsflygklubb.se\/index.php?rest_route=\/wp\/v2\/users\/2"}],"replies":[{"embeddable":true,"href":"https:\/\/eslovsflygklubb.se\/index.php?rest_route=%2Fwp%2Fv2%2Fcomments&post=634"}],"version-history":[{"count":59,"href":"https:\/\/eslovsflygklubb.se\/index.php?rest_route=\/wp\/v2\/pages\/634\/revisions"}],"predecessor-version":[{"id":2727,"href":"https:\/\/eslovsflygklubb.se\/index.php?rest_route=\/wp\/v2\/pages\/634\/revisions\/2727"}],"wp:attachment":[{"href":"https:\/\/eslovsflygklubb.se\/index.php?rest_route=%2Fwp%2Fv2%2Fmedia&parent=634"}],"curies":[{"name":"wp","href":"https:\/\/api.w.org\/{rel}","templated":true}]}}