{"id":2342,"date":"2022-04-05T11:21:35","date_gmt":"2022-04-05T09:21:35","guid":{"rendered":"http:\/\/www.eslovsflygklubb.se\/?page_id=2342"},"modified":"2024-06-07T18:08:25","modified_gmt":"2024-06-07T16:08:25","slug":"flygfaltets-familjedag-intern-info","status":"publish","type":"page","link":"https:\/\/eslovsflygklubb.se\/?page_id=2342","title":{"rendered":"Flygf\u00e4ltets Familjedag intern info"},"content":{"rendered":"\n<p><strong>Anm\u00e4lan till Funktion\u00e4rslistan (obligatoriskt f\u00f6r alla funktion\u00e4rer och piloter intro, barn, spaka sj\u00e4lv)<\/strong><\/p>\n\n\n\n<p>H\u00e4r \u00e4r en l\u00e4nk till Google formul\u00e4r d\u00e4r du fyller i namn mm. <strong>Svar \u00f6nskas senast <mark style=\"background-color:rgba(0, 0, 0, 0)\" class=\"has-inline-color has-black-color\">2024-06-01<\/mark><\/strong><\/p>\n\n\n\n<p><mark style=\"background-color:rgba(0, 0, 0, 0)\" class=\"has-inline-color has-black-color\"><strong>L\u00c4NK<\/strong><\/mark><strong><mark style=\"background-color:rgba(0, 0, 0, 0)\" class=\"has-inline-color has-black-color\"> <\/mark>till Google Forms<\/strong> <a href=\"https:\/\/forms.gle\/ZAgTz9Dsdg99U7vf6\" data-type=\"link\" data-id=\"https:\/\/forms.gle\/ZAgTz9Dsdg99U7vf6\" target=\"_blank\" rel=\"noreferrer noopener\">https:\/\/forms.gle\/ZAgTz9Dsdg99U7vf6<\/a><\/p>\n\n\n\n<p>H\u00e4r kommer lite interninfo avsett f\u00f6r Funktion\u00e4rer <\/p>\n\n\n<p><strong>Tidschema<\/strong><\/p>\n\n\n<p><strong>Fredag 28 juni<\/strong><\/p>\n\n\n\n<p>09:00-16:00 upps\u00e4ttning t\u00e4lt, avsp\u00e4rrningar grillar mm. Mat\/dryck h\u00e4mtas kyls. Hangar st\u00e4lls iordning utst\u00e4llning. Samling 08:30 i klubbstugan.<\/p>\n\n\n\n<p><strong>L\u00f6rdag 29 juni<\/strong> h\u00e5lltider <strong>uppdaterat 2024-05-09<\/strong><\/p>\n\n\n\n<ul class=\"wp-block-list\">\n<li>07:50 samling vid slottet <a href=\"https:\/\/www.google.com\/maps\/d\/u\/0\/edit?mid=1B14L8YvJpcQ9_diPfrbVkqC5YYkTBqw&amp;ll=55.84827786077554%2C13.322128079090398&amp;z=20\" data-type=\"link\" data-id=\"https:\/\/www.google.com\/maps\/d\/u\/0\/edit?mid=1B14L8YvJpcQ9_diPfrbVkqC5YYkTBqw&amp;ll=55.84827786077554%2C13.322128079090398&amp;z=20\" target=\"_blank\" rel=\"noreferrer noopener\">Slottet G maps<\/a><\/li>\n\n\n\n<li><strong>08:00 morgonm\u00f6te samtliga funktion\u00e4rer<\/strong> vid slottet<\/li>\n\n\n\n<li>08:20 Briefing f\u00f6r piloter (intro, spaka sj\u00e4lv, rundflyg) vid slottet<\/li>\n\n\n\n<li>08:30 Parkering \u00f6ppnar<\/li>\n\n\n\n<li>09:00 Flygdagen startar<\/li>\n\n\n\n<li>09:00 Start Barnflyg, Spaka Sj\u00e4lv, tandem och Introflyg<\/li>\n\n\n\n<li>12:00 Briefing Uppvisningspiloter vid slottet<\/li>\n\n\n\n<li>12:45 Modellflyguppvisning JA37 Viggen<\/li>\n\n\n\n<li>13:00-14:00 paus funktion\u00e4rs HQ m mat vid slottet<\/li>\n\n\n\n<li>13:40 start fallsk\u00e4rm f\u00f6r f\u00e4llning hoppare invigning 14:00<\/li>\n\n\n\n<li>13:55 defileringsgruppen klar f\u00f6r start samlat varv \u00f6ver Esl\u00f6v<\/li>\n\n\n\n<li>14:00 Hoppare i luften med r\u00f6k och flagga<\/li>\n\n\n\n<li>14:10 Defileringsgruppen 2 varv<\/li>\n\n\n\n<li>14:20 uppvisningsprogram startar med Bucker Jungmann<\/li>\n\n\n\n<li>l\u00f6pande schema p\u00e5 uppvisningsdelen till kl 16:12<\/li>\n\n\n\n<li><strong>14:55 h\u00f6rselskydd p\u00e5<\/strong><\/li>\n\n\n\n<li>15:00 JAS 39C Gripen fr\u00e5n F17<\/li>\n\n\n\n<li>16:12 ca uppvisningsdel slut och Barnflyg, Spaka Sj\u00e4lv, tandem och Introflyg forts\u00e4tter<\/li>\n\n\n\n<li>18:00 flygdagen slut<\/li>\n<\/ul>\n\n\n\n<p><strong>S\u00f6ndag 30 Juni<\/strong><\/p>\n\n\n\n<p>\u00c5terst\u00e4llning avsp\u00e4rrningar mm<\/p>\n\n\n\n<p>Extra flygningar Spaka Sj\u00e4lv, Introduktionsflyg<\/p>\n\n\n\n<h2 class=\"wp-block-heading\"><strong>Funktion\u00e4rer<\/strong> <\/h2>\n\n\n\n<div class=\"wp-block-columns is-layout-flex wp-container-core-columns-is-layout-9d6595d7 wp-block-columns-is-layout-flex\">\n<div class=\"wp-block-column is-layout-flow wp-block-column-is-layout-flow\" style=\"flex-basis:100%\">\n<ul class=\"wp-block-list\">\n<li><strong>Flyg\/Familjedagschef <\/strong>\/tillst\u00e5ndsansvarig  J\u00f6rgen Prahl<\/li>\n\n\n\n<li><strong>S\u00e4kerhetsansvarig<\/strong>  Andreas S\u00f6der<\/li>\n\n\n\n<li><strong>Hoppledare<\/strong> Olof Lindkvist<\/li>\n\n\n\n<li><strong>Uppvisningsledare<\/strong>  Andreas S\u00f6der<\/li>\n\n\n\n<li><strong>Parkeringsansvarig<\/strong>  Gabriel Persson<\/li>\n\n\n\n<li><strong>Speaker\/Ljudanl\u00e4ggning<\/strong>  Kenneth Malmstr\u00f6m<\/li>\n\n\n\n<li><strong>Uppvisningsprogram<\/strong> Kenneth Malmstr\u00f6m<\/li>\n\n\n\n<li><strong>Kass\u00f6r<\/strong>  Bo-Ingvar Bengtsson<\/li>\n\n\n\n<li><strong>Hemsida eslovsflygplats.se<\/strong>  Dimitrios Vlastaras<\/li>\n\n\n\n<li><strong>Annonsproduktion<\/strong>  J\u00f6rgen Prahl<\/li>\n\n\n\n<li><strong>Biljettf\u00f6rs\u00e4ljning Spaka Sj\u00e4lv\/Intro\/<\/strong> Carina James<\/li>\n\n\n\n<li><strong>Informationsdisk\/service<\/strong> Ola Malmgren EFK<\/li>\n\n\n\n<li><strong>F\u00f6rs\u00e4ljningst\u00e4lt mat<\/strong> Mattias Lilja EFK<\/li>\n\n\n\n<li><strong>Br\u00e4nsle Tankstation<\/strong> Clause Freytag<\/li>\n\n\n\n<li><strong>Pilot Fallsk\u00e4rm<\/strong> MJA  Johan Hellberg<\/li>\n\n\n\n<li><strong>Pilot Barnflyg<\/strong> MET Niklas Kristensson???<\/li>\n\n\n\n<li><strong>Pilot Barnflyg<\/strong> LXN Daniel Stepanovic<\/li>\n\n\n\n<li><strong>Pilot Barnflyg <\/strong>ICM H\u00e5kan Sj\u00f6berg<\/li>\n\n\n\n<li><strong>Pilot Barnflyg <\/strong>FXT Peter Hellstr\u00f6m<\/li>\n\n\n\n<li><strong>Pilot Spaka Sj\u00e4lv<\/strong>\/Intro\/Barnflyg GKF Dimitrios Vlastaras<\/li>\n\n\n\n<li><strong>Pilot Spaka Sj\u00e4lv<\/strong> IFZ Amanda Werin<\/li>\n\n\n\n<li><strong>Pilot Spaka Sj\u00e4lv<\/strong> LOH Tommy M\u00e5rtensson<\/li>\n\n\n\n<li>Pilot Gyro Introflyg   ???  ??<\/li>\n\n\n\n<li>Pilot Gyro Introflyg   ???  ??<\/li>\n\n\n\n<li>Pilot Heli Rundflyg   JVY  ??<\/li>\n<\/ul>\n\n\n\n<p><\/p>\n\n\n\n<p>Bild att printa ut<\/p>\n<p><a href=\"http:\/\/www.eslovsflygklubb.se\/wp-content\/uploads\/2024\/05\/flyg-familjedag-20240629-scaled.jpg\"><img loading=\"lazy\" decoding=\"async\" class=\"alignnone size-large wp-image-2732\" src=\"http:\/\/www.eslovsflygklubb.se\/wp-content\/uploads\/2024\/05\/flyg-familjedag-20240629-1024x735.jpg\" alt=\"\" width=\"474\" height=\"340\" srcset=\"https:\/\/eslovsflygklubb.se\/wp-content\/uploads\/2024\/05\/flyg-familjedag-20240629-1024x735.jpg 1024w, https:\/\/eslovsflygklubb.se\/wp-content\/uploads\/2024\/05\/flyg-familjedag-20240629-300x215.jpg 300w, https:\/\/eslovsflygklubb.se\/wp-content\/uploads\/2024\/05\/flyg-familjedag-20240629-768x551.jpg 768w, https:\/\/eslovsflygklubb.se\/wp-content\/uploads\/2024\/05\/flyg-familjedag-20240629-1536x1102.jpg 1536w, https:\/\/eslovsflygklubb.se\/wp-content\/uploads\/2024\/05\/flyg-familjedag-20240629-2048x1470.jpg 2048w\" sizes=\"auto, (max-width: 474px) 100vw, 474px\" \/><\/a><\/p>\n<\/div>\n<\/div>\n\n\n\n<p><\/p>\n\n\n\n<p><strong>L\u00e4nkar:<\/strong><\/p>\n\n\n\n<p><strong>Officiell hemsida<\/strong> f\u00f6r arrangemanget med program mm <a href=\"https:\/\/eslovsflygplats.se\/\" target=\"_blank\" rel=\"noreferrer noopener\">https:\/\/eslovsflygplats.se\/<\/a><\/p>\n\n\n\n<p><\/p>\n\n\n\n<p><strong>Karta Google maps<\/strong>: <strong>uppdaterat 2024-05-09<\/strong><\/p>\n\n\n\n<p><strong>Karta 2024<\/strong> <a href=\"https:\/\/www.google.com\/maps\/d\/edit?mid=1B14L8YvJpcQ9_diPfrbVkqC5YYkTBqw&amp;usp=sharing\" target=\"_blank\" rel=\"noreferrer noopener\">https:\/\/www.google.com\/maps\/d\/edit?mid=1B14L8YvJpcQ9_diPfrbVkqC5YYkTBqw&amp;usp=sharing<\/a><\/p>\n\n\n\n<p><\/p>\n","protected":false},"excerpt":{"rendered":"<p>Anm\u00e4lan till Funktion\u00e4rslistan (obligatoriskt f\u00f6r alla funktion\u00e4rer och piloter intro, barn, spaka sj\u00e4lv) H\u00e4r \u00e4r en l\u00e4nk till Google formul\u00e4r d\u00e4r du fyller i namn mm. Svar \u00f6nskas senast 2024-06-01 L\u00c4NK till Google Forms https:\/\/forms.gle\/ZAgTz9Dsdg99U7vf6 H\u00e4r kommer lite interninfo avsett f\u00f6r Funktion\u00e4rer Tidschema Fredag 28 juni 09:00-16:00 upps\u00e4ttning t\u00e4lt, avsp\u00e4rrningar grillar mm. Mat\/dryck h\u00e4mtas kyls. &hellip; <a href=\"https:\/\/eslovsflygklubb.se\/?page_id=2342\" class=\"more-link\">Forts\u00e4tt l\u00e4sa <span class=\"screen-reader-text\">Flygf\u00e4ltets Familjedag intern info<\/span> <span class=\"meta-nav\">&rarr;<\/span><\/a><\/p>\n","protected":false},"author":2,"featured_media":0,"parent":0,"menu_order":0,"comment_status":"closed","ping_status":"closed","template":"","meta":{"footnotes":""},"class_list":["post-2342","page","type-page","status-publish","hentry"],"_links":{"self":[{"href":"https:\/\/eslovsflygklubb.se\/index.php?rest_route=\/wp\/v2\/pages\/2342","targetHints":{"allow":["GET"]}}],"collection":[{"href":"https:\/\/eslovsflygklubb.se\/index.php?rest_route=\/wp\/v2\/pages"}],"about":[{"href":"https:\/\/eslovsflygklubb.se\/index.php?rest_route=\/wp\/v2\/types\/page"}],"author":[{"embeddable":true,"href":"https:\/\/eslovsflygklubb.se\/index.php?rest_route=\/wp\/v2\/users\/2"}],"replies":[{"embeddable":true,"href":"https:\/\/eslovsflygklubb.se\/index.php?rest_route=%2Fwp%2Fv2%2Fcomments&post=2342"}],"version-history":[{"count":43,"href":"https:\/\/eslovsflygklubb.se\/index.php?rest_route=\/wp\/v2\/pages\/2342\/revisions"}],"predecessor-version":[{"id":2756,"href":"https:\/\/eslovsflygklubb.se\/index.php?rest_route=\/wp\/v2\/pages\/2342\/revisions\/2756"}],"wp:attachment":[{"href":"https:\/\/eslovsflygklubb.se\/index.php?rest_route=%2Fwp%2Fv2%2Fmedia&parent=2342"}],"curies":[{"name":"wp","href":"https:\/\/api.w.org\/{rel}","templated":true}]}}